{"id":81,"date":"2018-12-10T16:49:34","date_gmt":"2018-12-10T15:49:34","guid":{"rendered":"http:\/\/www.tierarzt-mainz.de\/wordpress\/?page_id=81"},"modified":"2020-01-15T19:29:50","modified_gmt":"2020-01-15T18:29:50","slug":"spezialisierung","status":"publish","type":"page","link":"https:\/\/www.tierarzt-mainz.de\/wordpress\/spezialisierung\/","title":{"rendered":"Spezialisierung"},"content":{"rendered":"<div id='av-layout-grid-1'  class='av-layout-grid-container av-jpi7tbph-4f1416b92f60afa8fe72edc6351cebf3 entry-content-wrapper main_color av-flex-cells  avia-builder-el-0  el_before_av_slideshow_full  avia-builder-el-first   container_wrap sidebar_right'  >\n\n<style type=\"text\/css\" data-created_by=\"avia_inline_auto\" id=\"style-css-av-jpi7to57-310b552b19895bd5d3fb008d97dbfd34\">\n.flex_cell.av-jpi7to57-310b552b19895bd5d3fb008d97dbfd34{\nvertical-align:top;\npadding:10px 0px 0px 0px;\nbackground-color:#1b8789;\n}\n<\/style>\n<div class='flex_cell av-jpi7to57-310b552b19895bd5d3fb008d97dbfd34 av-gridrow-cell av_one_full no_margin  avia-builder-el-1  avia-builder-el-no-sibling ' ><div class='flex_cell_inner'><\/div><\/div>\n<\/div>\n<div id='full_slider_1'  class='avia-fullwidth-slider main_color avia-shadow   avia-builder-el-2  el_after_av_layout_row  el_before_av_heading   slider-not-first container_wrap sidebar_right'  ><div  class='avia-slideshow av-jpi8virm-ffffb732ba8369b1c8a790933ad67899 avia-slideshow-no scaling av_slideshow_full avia-slide-slider av-slideshow-ui av-control-default av-slideshow-manual av-loop-once av-loop-manual-endless av-default-height-applied   avia-slideshow-1' data-slideshow-options=\"{&quot;animation&quot;:&quot;slide&quot;,&quot;autoplay&quot;:false,&quot;loop_autoplay&quot;:&quot;once&quot;,&quot;interval&quot;:5,&quot;loop_manual&quot;:&quot;manual-endless&quot;,&quot;autoplay_stopper&quot;:false,&quot;noNavigation&quot;:false,&quot;bg_slider&quot;:false,&quot;keep_padding&quot;:false,&quot;hoverpause&quot;:false,&quot;show_slide_delay&quot;:0}\"  itemprop=\"image\" itemscope=\"itemscope\" itemtype=\"https:\/\/schema.org\/ImageObject\" ><ul class='avia-slideshow-inner ' style='padding-bottom: 20.664589823468%;'><li  class='avia-slideshow-slide av-jpi8virm-ffffb732ba8369b1c8a790933ad67899__0  av-single-slide slide-1 slide-odd'><div data-rel='slideshow-1' class='avia-slide-wrap '   ><img decoding=\"async\" class=\"wp-image-109 avia-img-lazy-loading-not-109\"  src=\"https:\/\/www.tierarzt-mainz.de\/wordpress\/wp-content\/uploads\/2018\/12\/spezialisierung.jpg\" width=\"1926\" height=\"398\" title='spezialisierung' alt=''  itemprop=\"thumbnailUrl\" srcset=\"https:\/\/www.tierarzt-mainz.de\/wordpress\/wp-content\/uploads\/2018\/12\/spezialisierung.jpg 1926w, https:\/\/www.tierarzt-mainz.de\/wordpress\/wp-content\/uploads\/2018\/12\/spezialisierung-300x62.jpg 300w, https:\/\/www.tierarzt-mainz.de\/wordpress\/wp-content\/uploads\/2018\/12\/spezialisierung-768x159.jpg 768w, https:\/\/www.tierarzt-mainz.de\/wordpress\/wp-content\/uploads\/2018\/12\/spezialisierung-1030x213.jpg 1030w, https:\/\/www.tierarzt-mainz.de\/wordpress\/wp-content\/uploads\/2018\/12\/spezialisierung-1500x310.jpg 1500w, https:\/\/www.tierarzt-mainz.de\/wordpress\/wp-content\/uploads\/2018\/12\/spezialisierung-705x146.jpg 705w, https:\/\/www.tierarzt-mainz.de\/wordpress\/wp-content\/uploads\/2018\/12\/spezialisierung-450x93.jpg 450w\" sizes=\"(max-width: 1926px) 100vw, 1926px\" \/><\/div><\/li><\/ul><\/div><\/div><div id='after_full_slider_1'  class='main_color av_default_container_wrap container_wrap sidebar_right'  ><div class='container av-section-cont-open' ><div class='template-page content  av-content-small alpha units'><div class='post-entry post-entry-type-page post-entry-81'><div class='entry-content-wrapper clearfix'>\n\n<style type=\"text\/css\" data-created_by=\"avia_inline_auto\" id=\"style-css-av-av_heading-7c7b963477933726af82e5c23636981c\">\n#top .av-special-heading.av-av_heading-7c7b963477933726af82e5c23636981c{\npadding-bottom:10px;\n}\nbody .av-special-heading.av-av_heading-7c7b963477933726af82e5c23636981c .av-special-heading-tag .heading-char{\nfont-size:25px;\n}\n.av-special-heading.av-av_heading-7c7b963477933726af82e5c23636981c .av-subheading{\nfont-size:15px;\n}\n<\/style>\n<div  class='av-special-heading av-av_heading-7c7b963477933726af82e5c23636981c av-special-heading-h2 blockquote modern-quote  avia-builder-el-3  el_after_av_slideshow_full  el_before_av_two_third  avia-builder-el-first '><h2 class='av-special-heading-tag'  itemprop=\"headline\"  >Spezialisierung<\/h2><div class=\"special-heading-border\"><div class=\"special-heading-inner-border\"><\/div><\/div><\/div>\n\n<style type=\"text\/css\" data-created_by=\"avia_inline_auto\" id=\"style-css-av-zbfp-4f5243f53d6cd3cc849b41ef5b17dcdd\">\n.flex_column.av-zbfp-4f5243f53d6cd3cc849b41ef5b17dcdd{\n-webkit-border-radius:0px 0px 0px 0px;\n-moz-border-radius:0px 0px 0px 0px;\nborder-radius:0px 0px 0px 0px;\n}\n<\/style>\n<div class='flex_column av-zbfp-4f5243f53d6cd3cc849b41ef5b17dcdd av_two_third  avia-builder-el-4  el_after_av_heading  el_before_av_two_third  first flex_column_div av-zero-column-padding '     ><section  class='av_textblock_section av-jpi6i11s-4a0dc00172aabc6b81cbf575bc001703'  itemscope=\"itemscope\" itemtype=\"https:\/\/schema.org\/CreativeWork\" ><div class='avia_textblock'  itemprop=\"text\" ><p>Selbstverst\u00e4ndlich bieten wir das gesamte Leistungsspektrum einer modernen Kleintierpraxis an.<br \/>\nWir bilden uns regelm\u00e4\u00dfig fort, um in unserer Praxis die bestm\u00f6gliche Versorgung anbieten und neue Behandlungsmethoden in unser Leistungsangebot aufnehmen zu k\u00f6nnen.<\/p>\n<\/div><\/section><\/div>\n\n<style type=\"text\/css\" data-created_by=\"avia_inline_auto\" id=\"style-css-av-1r8j1-2cf70c177c16babb499605eeaaae322a\">\n.flex_column.av-1r8j1-2cf70c177c16babb499605eeaaae322a{\n-webkit-border-radius:0px 0px 0px 0px;\n-moz-border-radius:0px 0px 0px 0px;\nborder-radius:0px 0px 0px 0px;\n}\n<\/style>\n<div class='flex_column av-1r8j1-2cf70c177c16babb499605eeaaae322a av_two_third  avia-builder-el-6  el_after_av_two_third  el_before_av_one_fifth  first flex_column_div av-zero-column-padding column-top-margin'     ><section  class='av_textblock_section av-jx00yeif-616679dc5c24a00dbc870fe07cb727ba'  itemscope=\"itemscope\" itemtype=\"https:\/\/schema.org\/CreativeWork\" ><div class='avia_textblock'  itemprop=\"text\" ><p>Frau <span style=\"text-decoration: underline;\">Dr. Gabriele von Gaertner<\/span> bietet <strong>Verhaltenstherapie<\/strong> f\u00fcr Hund und Katze an.<\/p>\n<p>Seit 2002 f\u00fchrt Frau Dr. Gabriele von Gaertner die Zusatzbezeichnung &#8222;Verhaltenstherapie&#8220;. Seit dieser Zeit besch\u00e4ftigt sie sich mit Problemverhalten und Verhaltensst\u00f6rungen bei unseren Haustieren und bietet Hilfe in theoretischen und praktischen Stunden an.<\/p>\n<p>Desweiteren ist sie Sachverst\u00e4ndige f\u00fcr gef\u00e4hrliche Hunde und nimmt Pr\u00fcfungen f\u00fcr den rheinlandpf\u00e4lzischen Sachkundenachweis und den erweiterten Sachkundenachweis ab.<\/p>\n<p>Ehrenamtlich engagiert sich Frau Dr. von Gaertner beim Malteser Hilfsdienst e.V. Sie leitet den Besuchsdienst mit Herz und Hund, der alte, kranke und behinderte Menschen besucht.<\/p>\n<\/div><\/section><\/div>\n\n<style type=\"text\/css\" data-created_by=\"avia_inline_auto\" id=\"style-css-av-139kd-e6e094975cdae91410ebe9176d84dcbb\">\n.flex_column.av-139kd-e6e094975cdae91410ebe9176d84dcbb{\n-webkit-border-radius:0px 0px 0px 0px;\n-moz-border-radius:0px 0px 0px 0px;\nborder-radius:0px 0px 0px 0px;\n}\n<\/style>\n<div class='flex_column av-139kd-e6e094975cdae91410ebe9176d84dcbb av_one_fifth  avia-builder-el-8  el_after_av_two_third  el_before_av_two_third  flex_column_div av-zero-column-padding column-top-margin'     ><style type=\"text\/css\" data-created_by=\"avia_inline_auto\" id=\"style-css-av-k5c4ugnx-ad42ac890df7c683a92bee416848d446\">\n.avia-image-container.av-k5c4ugnx-ad42ac890df7c683a92bee416848d446 img.avia_image{\nbox-shadow:none;\n}\n.avia-image-container.av-k5c4ugnx-ad42ac890df7c683a92bee416848d446 .av-image-caption-overlay-center{\ncolor:#ffffff;\n}\n<\/style>\n<div  class='avia-image-container av-k5c4ugnx-ad42ac890df7c683a92bee416848d446 av-styling- avia-align-center  avia-builder-el-9  avia-builder-el-no-sibling '   itemprop=\"image\" itemscope=\"itemscope\" itemtype=\"https:\/\/schema.org\/ImageObject\" ><div class=\"avia-image-container-inner\"><div class=\"avia-image-overlay-wrap\"><img decoding=\"async\" class='wp-image-181 avia-img-lazy-loading-not-181 avia_image ' src=\"https:\/\/www.tierarzt-mainz.de\/wordpress\/wp-content\/uploads\/2019\/08\/DSC06207-e1566928827170-218x300.jpg\" alt='' title='DSC06207'  height=\"300\" width=\"218\"  itemprop=\"thumbnailUrl\" srcset=\"https:\/\/www.tierarzt-mainz.de\/wordpress\/wp-content\/uploads\/2019\/08\/DSC06207-e1566928827170-218x300.jpg 218w, https:\/\/www.tierarzt-mainz.de\/wordpress\/wp-content\/uploads\/2019\/08\/DSC06207-e1566928827170-450x618.jpg 450w, https:\/\/www.tierarzt-mainz.de\/wordpress\/wp-content\/uploads\/2019\/08\/DSC06207-e1566928827170.jpg 477w\" sizes=\"(max-width: 218px) 100vw, 218px\" \/><\/div><\/div><\/div><\/div>\n\n<style type=\"text\/css\" data-created_by=\"avia_inline_auto\" id=\"style-css-av-1r8j1-2cf70c177c16babb499605eeaaae322a\">\n.flex_column.av-1r8j1-2cf70c177c16babb499605eeaaae322a{\n-webkit-border-radius:0px 0px 0px 0px;\n-moz-border-radius:0px 0px 0px 0px;\nborder-radius:0px 0px 0px 0px;\n}\n<\/style>\n<div class='flex_column av-1r8j1-2cf70c177c16babb499605eeaaae322a av_two_third  avia-builder-el-10  el_after_av_one_fifth  el_before_av_one_fifth  first flex_column_div av-zero-column-padding column-top-margin'     ><section  class='av_textblock_section av-jx00yeif-616679dc5c24a00dbc870fe07cb727ba'  itemscope=\"itemscope\" itemtype=\"https:\/\/schema.org\/CreativeWork\" ><div class='avia_textblock'  itemprop=\"text\" ><p>Herr <span style=\"text-decoration: underline;\">Ricardo Abrantes<\/span> ist Kardiologe mit mobiler Praxis, d.h. er bietet das volle Spektrum von <strong>Herzuntersuchungen <\/strong>direkt bei uns in der Praxis an. Herr Abrantes f\u00fchrt die Zusatzbezeichnung Kardiologie, dasGP Certificate Cardiology, ist Mitglied des Collegium Cardiologicums e.V. und hat die HCM-Zertifizierung f\u00fcr PawPeds.<\/p>\n<p>Zus\u00e4tzlich zu unseren eigenen Untersuchungen wie R\u00f6ntgen, EKG und Blutdruckmessung k\u00f6nnen wir so Herzultraschall, Langzeit-EKG und Zuchtuntersuchungen anbieten. F\u00fcr n\u00e4here Informationen wenden Sie sich an uns und informieren sich unter <a href=\"http:\/\/www.ra-kardiologie.de\">www.ra-kardiologie.de<\/a><\/p>\n<p>Eine Terminvereinbarung erfolgt \u00fcber unsere Praxis.<\/p>\n<\/div><\/section><\/div>\n\n<style type=\"text\/css\" data-created_by=\"avia_inline_auto\" id=\"style-css-av-139kd-e6e094975cdae91410ebe9176d84dcbb\">\n.flex_column.av-139kd-e6e094975cdae91410ebe9176d84dcbb{\n-webkit-border-radius:0px 0px 0px 0px;\n-moz-border-radius:0px 0px 0px 0px;\nborder-radius:0px 0px 0px 0px;\n}\n<\/style>\n<div class='flex_column av-139kd-e6e094975cdae91410ebe9176d84dcbb av_one_fifth  avia-builder-el-12  el_after_av_two_third  el_before_av_two_third  flex_column_div av-zero-column-padding column-top-margin'     ><style type=\"text\/css\" data-created_by=\"avia_inline_auto\" id=\"style-css-av-k5c4ugnx-4b5f10cb9a8188f2b4d674c16f92b961\">\n.avia-image-container.av-k5c4ugnx-4b5f10cb9a8188f2b4d674c16f92b961 img.avia_image{\nbox-shadow:none;\n}\n.avia-image-container.av-k5c4ugnx-4b5f10cb9a8188f2b4d674c16f92b961 .av-image-caption-overlay-center{\ncolor:#ffffff;\n}\n<\/style>\n<div  class='avia-image-container av-k5c4ugnx-4b5f10cb9a8188f2b4d674c16f92b961 av-styling- avia-align-center  avia-builder-el-13  avia-builder-el-no-sibling '   itemprop=\"image\" itemscope=\"itemscope\" itemtype=\"https:\/\/schema.org\/ImageObject\" ><div class=\"avia-image-container-inner\"><div class=\"avia-image-overlay-wrap\"><img decoding=\"async\" class='wp-image-187 avia-img-lazy-loading-not-187 avia_image ' src=\"https:\/\/www.tierarzt-mainz.de\/wordpress\/wp-content\/uploads\/2020\/01\/Bild_Artleier-200x300.jpg\" alt='' title='Bild_Artleier'  height=\"300\" width=\"200\"  itemprop=\"thumbnailUrl\"  \/><\/div><\/div><\/div><\/div>\n\n<style type=\"text\/css\" data-created_by=\"avia_inline_auto\" id=\"style-css-av-1r8j1-2cf70c177c16babb499605eeaaae322a\">\n.flex_column.av-1r8j1-2cf70c177c16babb499605eeaaae322a{\n-webkit-border-radius:0px 0px 0px 0px;\n-moz-border-radius:0px 0px 0px 0px;\nborder-radius:0px 0px 0px 0px;\n}\n<\/style>\n<div class='flex_column av-1r8j1-2cf70c177c16babb499605eeaaae322a av_two_third  avia-builder-el-14  el_after_av_one_fifth  el_before_av_one_fifth  first flex_column_div av-zero-column-padding column-top-margin'     ><section  class='av_textblock_section av-jx00yeif-616679dc5c24a00dbc870fe07cb727ba'  itemscope=\"itemscope\" itemtype=\"https:\/\/schema.org\/CreativeWork\" ><div class='avia_textblock'  itemprop=\"text\" ><p>Frau <span style=\"text-decoration: underline;\">Maria Br\u00f6mme<\/span> ist Tier\u00e4rztin und Spezialistin f\u00fcr <strong>Physiotherapie und Akupunktur<\/strong>. Durch ihre internationale Ausbildung in Kanada, den USA, Schottland und Belgien konnte Sie weitreichende Erfahrungen auf diesem Gebiet sammeln.<\/p>\n<p>Frau Br\u00f6mme bietet Termine in unseren Praxisr\u00e4umen an. Weitere Informationen finden Sie unter <a href=\"http:\/\/www.akuphysio-fuer-tiere.de\">www.akuphysio-fuer-tiere.de<\/a>. F\u00fcr Terminvereinbarungen wenden Sie sich bitte an uns.<\/p>\n<\/div><\/section><\/div>\n<style type=\"text\/css\" data-created_by=\"avia_inline_auto\" id=\"style-css-av-139kd-e6e094975cdae91410ebe9176d84dcbb\">\n.flex_column.av-139kd-e6e094975cdae91410ebe9176d84dcbb{\n-webkit-border-radius:0px 0px 0px 0px;\n-moz-border-radius:0px 0px 0px 0px;\nborder-radius:0px 0px 0px 0px;\n}\n<\/style>\n<div class='flex_column av-139kd-e6e094975cdae91410ebe9176d84dcbb av_one_fifth  avia-builder-el-16  el_after_av_two_third  avia-builder-el-last  flex_column_div av-zero-column-padding column-top-margin'     ><style type=\"text\/css\" data-created_by=\"avia_inline_auto\" id=\"style-css-av-k5c4ugnx-8fa0ccb165e688485b9c12e54b26d540\">\n.avia-image-container.av-k5c4ugnx-8fa0ccb165e688485b9c12e54b26d540 img.avia_image{\nbox-shadow:none;\n}\n.avia-image-container.av-k5c4ugnx-8fa0ccb165e688485b9c12e54b26d540 .av-image-caption-overlay-center{\ncolor:#ffffff;\n}\n<\/style>\n<div  class='avia-image-container av-k5c4ugnx-8fa0ccb165e688485b9c12e54b26d540 av-styling- avia-align-center  avia-builder-el-17  avia-builder-el-no-sibling '   itemprop=\"image\" itemscope=\"itemscope\" itemtype=\"https:\/\/schema.org\/ImageObject\" ><div class=\"avia-image-container-inner\"><div class=\"avia-image-overlay-wrap\"><img decoding=\"async\" class='wp-image-188 avia-img-lazy-loading-not-188 avia_image ' src=\"https:\/\/www.tierarzt-mainz.de\/wordpress\/wp-content\/uploads\/2020\/01\/tierarzt_mainz-294x300.jpg\" alt='' title='tierarzt_mainz'  height=\"300\" width=\"294\"  itemprop=\"thumbnailUrl\" srcset=\"https:\/\/www.tierarzt-mainz.de\/wordpress\/wp-content\/uploads\/2020\/01\/tierarzt_mainz-294x300.jpg 294w, https:\/\/www.tierarzt-mainz.de\/wordpress\/wp-content\/uploads\/2020\/01\/tierarzt_mainz-768x783.jpg 768w, https:\/\/www.tierarzt-mainz.de\/wordpress\/wp-content\/uploads\/2020\/01\/tierarzt_mainz-36x36.jpg 36w, https:\/\/www.tierarzt-mainz.de\/wordpress\/wp-content\/uploads\/2020\/01\/tierarzt_mainz-692x705.jpg 692w, https:\/\/www.tierarzt-mainz.de\/wordpress\/wp-content\/uploads\/2020\/01\/tierarzt_mainz-450x459.jpg 450w, https:\/\/www.tierarzt-mainz.de\/wordpress\/wp-content\/uploads\/2020\/01\/tierarzt_mainz.jpg 924w\" sizes=\"(max-width: 294px) 100vw, 294px\" \/><\/div><\/div><\/div><\/div><\/p>\n","protected":false},"excerpt":{"rendered":"","protected":false},"author":1,"featured_media":0,"parent":0,"menu_order":0,"comment_status":"closed","ping_status":"closed","template":"","meta":{"footnotes":""},"class_list":["post-81","page","type-page","status-publish","hentry"],"_links":{"self":[{"href":"https:\/\/www.tierarzt-mainz.de\/wordpress\/wp-json\/wp\/v2\/pages\/81","targetHints":{"allow":["GET"]}}],"collection":[{"href":"https:\/\/www.tierarzt-mainz.de\/wordpress\/wp-json\/wp\/v2\/pages"}],"about":[{"href":"https:\/\/www.tierarzt-mainz.de\/wordpress\/wp-json\/wp\/v2\/types\/page"}],"author":[{"embeddable":true,"href":"https:\/\/www.tierarzt-mainz.de\/wordpress\/wp-json\/wp\/v2\/users\/1"}],"replies":[{"embeddable":true,"href":"https:\/\/www.tierarzt-mainz.de\/wordpress\/wp-json\/wp\/v2\/comments?post=81"}],"version-history":[{"count":11,"href":"https:\/\/www.tierarzt-mainz.de\/wordpress\/wp-json\/wp\/v2\/pages\/81\/revisions"}],"predecessor-version":[{"id":233,"href":"https:\/\/www.tierarzt-mainz.de\/wordpress\/wp-json\/wp\/v2\/pages\/81\/revisions\/233"}],"wp:attachment":[{"href":"https:\/\/www.tierarzt-mainz.de\/wordpress\/wp-json\/wp\/v2\/media?parent=81"}],"curies":[{"name":"wp","href":"https:\/\/api.w.org\/{rel}","templated":true}]}}