{"id":2,"date":"2018-12-10T11:11:35","date_gmt":"2018-12-10T10:11:35","guid":{"rendered":"http:\/\/www.tierarzt-mainz.de\/wordpress\/?page_id=2"},"modified":"2026-04-11T10:16:59","modified_gmt":"2026-04-11T08:16:59","slug":"beispiel-seite","status":"publish","type":"page","link":"https:\/\/www.tierarzt-mainz.de\/wordpress\/","title":{"rendered":"Praxis"},"content":{"rendered":"<div id='av-layout-grid-1'  class='av-layout-grid-container av-jpi7tbph-4f1416b92f60afa8fe72edc6351cebf3 entry-content-wrapper main_color av-flex-cells  avia-builder-el-0  el_before_av_slideshow_full  avia-builder-el-first   container_wrap sidebar_right'  >\n\n<style type=\"text\/css\" data-created_by=\"avia_inline_auto\" id=\"style-css-av-jpi7to57-310b552b19895bd5d3fb008d97dbfd34\">\n.flex_cell.av-jpi7to57-310b552b19895bd5d3fb008d97dbfd34{\nvertical-align:top;\npadding:10px 0px 0px 0px;\nbackground-color:#1b8789;\n}\n<\/style>\n<div class='flex_cell av-jpi7to57-310b552b19895bd5d3fb008d97dbfd34 av-gridrow-cell av_one_full no_margin  avia-builder-el-1  avia-builder-el-no-sibling ' ><div class='flex_cell_inner'><\/div><\/div>\n<\/div>\n<div id='full_slider_1'  class='avia-fullwidth-slider main_color avia-shadow   avia-builder-el-2  el_after_av_layout_row  el_before_av_heading   slider-not-first container_wrap sidebar_right'  ><div  class='avia-slideshow av-jpi8virm-ffffb732ba8369b1c8a790933ad67899 avia-slideshow-no scaling av_slideshow_full avia-slide-slider av-slideshow-ui av-control-default av-slideshow-manual av-loop-once av-loop-manual-endless av-default-height-applied   avia-slideshow-1' data-slideshow-options=\"{&quot;animation&quot;:&quot;slide&quot;,&quot;autoplay&quot;:false,&quot;loop_autoplay&quot;:&quot;once&quot;,&quot;interval&quot;:5,&quot;loop_manual&quot;:&quot;manual-endless&quot;,&quot;autoplay_stopper&quot;:false,&quot;noNavigation&quot;:false,&quot;bg_slider&quot;:false,&quot;keep_padding&quot;:false,&quot;hoverpause&quot;:false,&quot;show_slide_delay&quot;:0}\"  itemprop=\"image\" itemscope=\"itemscope\" itemtype=\"https:\/\/schema.org\/ImageObject\" ><ul class='avia-slideshow-inner ' style='padding-bottom: 20.664589823468%;'><li  class='avia-slideshow-slide av-jpi8virm-ffffb732ba8369b1c8a790933ad67899__0  slide-1 slide-odd'><div data-rel='slideshow-1' class='avia-slide-wrap '   ><img decoding=\"async\" class=\"wp-image-37 avia-img-lazy-loading-not-37\"  src=\"https:\/\/www.tierarzt-mainz.de\/wordpress\/wp-content\/uploads\/2018\/12\/start_3.jpg\" width=\"1926\" height=\"398\" title='start_3' alt=''  itemprop=\"thumbnailUrl\" srcset=\"https:\/\/www.tierarzt-mainz.de\/wordpress\/wp-content\/uploads\/2018\/12\/start_3.jpg 1926w, https:\/\/www.tierarzt-mainz.de\/wordpress\/wp-content\/uploads\/2018\/12\/start_3-300x62.jpg 300w, https:\/\/www.tierarzt-mainz.de\/wordpress\/wp-content\/uploads\/2018\/12\/start_3-768x159.jpg 768w, https:\/\/www.tierarzt-mainz.de\/wordpress\/wp-content\/uploads\/2018\/12\/start_3-1030x213.jpg 1030w, https:\/\/www.tierarzt-mainz.de\/wordpress\/wp-content\/uploads\/2018\/12\/start_3-1500x310.jpg 1500w, https:\/\/www.tierarzt-mainz.de\/wordpress\/wp-content\/uploads\/2018\/12\/start_3-705x146.jpg 705w, https:\/\/www.tierarzt-mainz.de\/wordpress\/wp-content\/uploads\/2018\/12\/start_3-450x93.jpg 450w\" sizes=\"(max-width: 1926px) 100vw, 1926px\" \/><\/div><\/li><li  class='avia-slideshow-slide av-jpi8virm-ffffb732ba8369b1c8a790933ad67899__1  slide-2 slide-even'><div data-rel='slideshow-1' class='avia-slide-wrap '   ><img decoding=\"async\" class=\"wp-image-155 avia-img-lazy-loading-not-155\"  src=\"https:\/\/www.tierarzt-mainz.de\/wordpress\/wp-content\/uploads\/2019\/01\/start_5.jpg\" width=\"1926\" height=\"398\" title='start_5' alt=''  itemprop=\"thumbnailUrl\" srcset=\"https:\/\/www.tierarzt-mainz.de\/wordpress\/wp-content\/uploads\/2019\/01\/start_5.jpg 1926w, https:\/\/www.tierarzt-mainz.de\/wordpress\/wp-content\/uploads\/2019\/01\/start_5-300x62.jpg 300w, https:\/\/www.tierarzt-mainz.de\/wordpress\/wp-content\/uploads\/2019\/01\/start_5-768x159.jpg 768w, https:\/\/www.tierarzt-mainz.de\/wordpress\/wp-content\/uploads\/2019\/01\/start_5-1030x213.jpg 1030w, https:\/\/www.tierarzt-mainz.de\/wordpress\/wp-content\/uploads\/2019\/01\/start_5-1500x310.jpg 1500w, https:\/\/www.tierarzt-mainz.de\/wordpress\/wp-content\/uploads\/2019\/01\/start_5-705x146.jpg 705w, https:\/\/www.tierarzt-mainz.de\/wordpress\/wp-content\/uploads\/2019\/01\/start_5-450x93.jpg 450w\" sizes=\"(max-width: 1926px) 100vw, 1926px\" \/><\/div><\/li><\/ul><div class='avia-slideshow-arrows avia-slideshow-controls' ><a href='#prev' class='prev-slide ' aria-hidden='true' data-av_icon='\ue87c' data-av_iconfont='entypo-fontello'  tabindex='-1'>Zur\u00fcck<\/a><a href='#next' class='next-slide ' aria-hidden='true' data-av_icon='\ue87d' data-av_iconfont='entypo-fontello'  tabindex='-1'>Weiter<\/a><\/div><div class='avia-slideshow-dots avia-slideshow-controls'><a href='#1' class='goto-slide active' >1<\/a><a href='#2' class='goto-slide ' >2<\/a><\/div><\/div><\/div><div id='after_full_slider_1'  class='main_color av_default_container_wrap container_wrap sidebar_right'  ><div class='container av-section-cont-open' ><div class='template-page content  av-content-small alpha units'><div class='post-entry post-entry-type-page post-entry-2'><div class='entry-content-wrapper clearfix'>\n\n<style type=\"text\/css\" data-created_by=\"avia_inline_auto\" id=\"style-css-av-2znw-3a7569d699f559f41a27b270e0666095\">\n#top .av-special-heading.av-2znw-3a7569d699f559f41a27b270e0666095{\npadding-bottom:10px;\n}\nbody .av-special-heading.av-2znw-3a7569d699f559f41a27b270e0666095 .av-special-heading-tag .heading-char{\nfont-size:25px;\n}\n.av-special-heading.av-2znw-3a7569d699f559f41a27b270e0666095 .av-subheading{\nfont-size:15px;\n}\n<\/style>\n<div  class='av-special-heading av-2znw-3a7569d699f559f41a27b270e0666095 av-special-heading-h2 blockquote modern-quote  avia-builder-el-3  el_after_av_slideshow_full  el_before_av_two_third  avia-builder-el-first '><h2 class='av-special-heading-tag'  itemprop=\"headline\"  >Willkommen<\/h2><div class=\"special-heading-border\"><div class=\"special-heading-inner-border\"><\/div><\/div><\/div>\n\n<style type=\"text\/css\" data-created_by=\"avia_inline_auto\" id=\"style-css-av-3lyy-caf0e97d6e68f3bbf33dcb1709bdf221\">\n.flex_column.av-3lyy-caf0e97d6e68f3bbf33dcb1709bdf221{\n-webkit-border-radius:0px 0px 0px 0px;\n-moz-border-radius:0px 0px 0px 0px;\nborder-radius:0px 0px 0px 0px;\n}\n<\/style>\n<div class='flex_column av-3lyy-caf0e97d6e68f3bbf33dcb1709bdf221 av_two_third  avia-builder-el-4  el_after_av_heading  el_before_av_one_third  first flex_column_div av-zero-column-padding '     ><section  class='av_textblock_section av-jpi6i11s-4a0dc00172aabc6b81cbf575bc001703'  itemscope=\"itemscope\" itemtype=\"https:\/\/schema.org\/CreativeWork\" ><div class='avia_textblock'  itemprop=\"text\" ><p>Wir begr\u00fc\u00dfen Sie und Ihr Tier herzlich in unserer Praxis.<br \/>\nZum Wohl Ihres Tieres setzen wir unser Wissen und unsere langj\u00e4hrige Erfahrung auf dem Gebiet der allgemeinen Veterin\u00e4rmedizin ein. Ihren Sorgen und dem Befinden Ihres Tieres begegnen wir mit Verst\u00e4ndnis und Einf\u00fchlungsverm\u00f6gen. Wir engagieren uns f\u00fcr ein langes, tierisch gutes Leben.<\/p>\n<p>Ihr Team der Kleintierpraxis<br \/>\nDr. Gabriele von Gaertner und Dr. Amelie von Gaertner<\/p>\n<\/div><\/section><\/div>\n\n<style type=\"text\/css\" data-created_by=\"avia_inline_auto\" id=\"style-css-av-3aze-573c3c5991d359d62e0cf67236f04d63\">\n.flex_column.av-3aze-573c3c5991d359d62e0cf67236f04d63{\n-webkit-border-radius:0px 0px 0px 0px;\n-moz-border-radius:0px 0px 0px 0px;\nborder-radius:0px 0px 0px 0px;\n}\n<\/style>\n<div class='flex_column av-3aze-573c3c5991d359d62e0cf67236f04d63 av_one_third  avia-builder-el-6  el_after_av_two_third  avia-builder-el-last  flex_column_div av-zero-column-padding '     ><p><section  class='av_textblock_section av-m8kar5x3-555b3fa700d4065d4f8ed4c5c95e4913'  itemscope=\"itemscope\" itemtype=\"https:\/\/schema.org\/CreativeWork\" ><div class='avia_textblock'  itemprop=\"text\" ><p>Den tagesaktuellen <strong><span style=\"color: #993366;\">NOTDIENST<\/span><\/strong> finden Sie unter <a href=\"https:\/\/www.mainzer-marktplatz.de\/notdienste\/tieraerzte.htm\">www.mainzer-marktplatz.de<\/a><\/p>\n<\/div><\/section><br \/>\n<div  class='hr av-b06-d91fed884193b8db0947bf1349771964 hr-short  avia-builder-el-8  el_after_av_textblock  el_before_av_textblock  hr-left'><span class='hr-inner '><span class=\"hr-inner-style\"><\/span><\/span><\/div><br \/>\n<section  class='av_textblock_section av-jpjom1x7-1-a49a5e9dad29ac24239c9b7c694b6f8e'  itemscope=\"itemscope\" itemtype=\"https:\/\/schema.org\/CreativeWork\" ><div class='avia_textblock'  itemprop=\"text\" ><p>Am<b> Freitag, den 17.04.26 ist<\/b>\u00a0unsere Praxis <strong>geschlossen<\/strong>.<\/p>\n<\/div><\/section><br \/>\n<div  class='hr av-kc5wmgdc-8dbd8d11bb1cdcd72cac0a062d355f44 hr-short  avia-builder-el-10  el_after_av_textblock  el_before_av_textblock  hr-left'><span class='hr-inner '><span class=\"hr-inner-style\"><\/span><\/span><\/div><br \/>\n<section  class='av_textblock_section av-jpjom1x7-54f5b90ef4d0b8285d326119280bd661'  itemscope=\"itemscope\" itemtype=\"https:\/\/schema.org\/CreativeWork\" ><div class='avia_textblock'  itemprop=\"text\" ><p>Liebe Kunden, bei Ihrem ersten Besuch in unserer Praxis bitten wir Sie, uns einen <strong>Anmeldebogen<\/strong> auszuf\u00fcllen. Sie l\u00f6nnen dies <a href=\"https:\/\/www.tierarzt-mainz.de\/wordpress\/wp-content\/uploads\/2023\/10\/Anmeldebogen-von-Gaertner-2023.pdf\"><span style=\"color: #993366;\">hier<\/span><\/a> bequem schon zu Hause erledigen und uns bei dem Termin mitbringen. Bitte beachten Sie, dass beide Seiten ausgedruckt und unterschrieben sein sollten.<span style=\"color: #993366;\"><br \/>\n<\/span><\/p>\n<\/div><\/section><\/p><\/div>\n","protected":false},"excerpt":{"rendered":"","protected":false},"author":1,"featured_media":0,"parent":0,"menu_order":0,"comment_status":"closed","ping_status":"open","template":"","meta":{"footnotes":""},"class_list":["post-2","page","type-page","status-publish","hentry"],"_links":{"self":[{"href":"https:\/\/www.tierarzt-mainz.de\/wordpress\/wp-json\/wp\/v2\/pages\/2","targetHints":{"allow":["GET"]}}],"collection":[{"href":"https:\/\/www.tierarzt-mainz.de\/wordpress\/wp-json\/wp\/v2\/pages"}],"about":[{"href":"https:\/\/www.tierarzt-mainz.de\/wordpress\/wp-json\/wp\/v2\/types\/page"}],"author":[{"embeddable":true,"href":"https:\/\/www.tierarzt-mainz.de\/wordpress\/wp-json\/wp\/v2\/users\/1"}],"replies":[{"embeddable":true,"href":"https:\/\/www.tierarzt-mainz.de\/wordpress\/wp-json\/wp\/v2\/comments?post=2"}],"version-history":[{"count":79,"href":"https:\/\/www.tierarzt-mainz.de\/wordpress\/wp-json\/wp\/v2\/pages\/2\/revisions"}],"predecessor-version":[{"id":427,"href":"https:\/\/www.tierarzt-mainz.de\/wordpress\/wp-json\/wp\/v2\/pages\/2\/revisions\/427"}],"wp:attachment":[{"href":"https:\/\/www.tierarzt-mainz.de\/wordpress\/wp-json\/wp\/v2\/media?parent=2"}],"curies":[{"name":"wp","href":"https:\/\/api.w.org\/{rel}","templated":true}]}}